{"id":344,"date":"2023-02-15T21:53:52","date_gmt":"2023-02-16T00:53:52","guid":{"rendered":"https:\/\/plataformacidts.com\/comercio\/?post_type=product&#038;p=344"},"modified":"2023-02-15T21:53:52","modified_gmt":"2023-02-16T00:53:52","slug":"dessalinizadores-solar","status":"publish","type":"product","link":"https:\/\/plataformacidts.com\/comercio\/product\/dessalinizadores-solar\/","title":{"rendered":"Dessalinizadores Solar"},"content":{"rendered":"<p>O dessalinizador solar \u00e9 uma tecnologia social de que tem proporcionado in\u00fameros benef\u00edcios socioecon\u00f4micos e ambientais: \u00e9 uma tecnologia de baixo custo de implanta\u00e7\u00e3o e manuten\u00e7\u00e3o; possibilita seguran\u00e7a h\u00eddrica atrav\u00e9s do fornecimento de \u00e1gua pot\u00e1vel; promove a transforma\u00e7\u00e3o social frente a gest\u00e3o dos recursos h\u00eddricos locais; utiliza a energia solar (limpa e renov\u00e1vel) para a promo\u00e7\u00e3o de \u00e1gua pot\u00e1vel; al\u00e9m de possibilitar a conviv\u00eancia com o semi\u00e1rido. Resumidamente, o dessalinizador solar \u00e9 uma tecnologia de f\u00e1cil constru\u00e7\u00e3o, o que favorece sua dissemina\u00e7\u00e3o social; \u00e9 de baixo custo, o que possibilita seu uso individual ou coletivo; e n\u00e3o causa impactos ambientais.<\/p>\n","protected":false},"excerpt":{"rendered":"<p>O dessalinizador solar \u00e9 uma tecnologia social de que tem proporcionado in\u00fameros benef\u00edcios socioecon\u00f4micos e ambientais: \u00e9 uma tecnologia de baixo custo de implanta\u00e7\u00e3o e manuten\u00e7\u00e3o; possibilita seguran\u00e7a h\u00eddrica atrav\u00e9s do fornecimento de \u00e1gua pot\u00e1vel; promove a transforma\u00e7\u00e3o social frente a gest\u00e3o dos recursos h\u00eddricos locais; utiliza a energia solar (limpa e renov\u00e1vel) para a [&#8230;]\n","protected":false},"featured_media":345,"comment_status":"open","ping_status":"closed","template":"","meta":[],"product_cat":[83],"product_tag":[],"class_list":["post-344","product","type-product","status-publish","has-post-thumbnail","hentry","product_cat-tecnologias-sociais"],"jetpack_sharing_enabled":true,"_links":{"self":[{"href":"https:\/\/plataformacidts.com\/comercio\/wp-json\/wp\/v2\/product\/344","targetHints":{"allow":["GET"]}}],"collection":[{"href":"https:\/\/plataformacidts.com\/comercio\/wp-json\/wp\/v2\/product"}],"about":[{"href":"https:\/\/plataformacidts.com\/comercio\/wp-json\/wp\/v2\/types\/product"}],"replies":[{"embeddable":true,"href":"https:\/\/plataformacidts.com\/comercio\/wp-json\/wp\/v2\/comments?post=344"}],"wp:featuredmedia":[{"embeddable":true,"href":"https:\/\/plataformacidts.com\/comercio\/wp-json\/wp\/v2\/media\/345"}],"wp:attachment":[{"href":"https:\/\/plataformacidts.com\/comercio\/wp-json\/wp\/v2\/media?parent=344"}],"wp:term":[{"taxonomy":"product_cat","embeddable":true,"href":"https:\/\/plataformacidts.com\/comercio\/wp-json\/wp\/v2\/product_cat?post=344"},{"taxonomy":"product_tag","embeddable":true,"href":"https:\/\/plataformacidts.com\/comercio\/wp-json\/wp\/v2\/product_tag?post=344"}],"curies":[{"name":"wp","href":"https:\/\/api.w.org\/{rel}","templated":true}]}}